st common factor of 1937 and 65?
13
What is the greatest common factor of 742 and 265?
53
What is the greatest common factor of 15 and 145?
5
Calculate the greatest common factor of 60 and 732.
12
Calculate the highest common factor of 3569 and 301.
43
Calculate the highest common factor of 7 and 21.
7
Calculate the greatest common divisor of 893 and 47.
47
Calculate the greatest common divisor of 648 and 1632.
24
Calculate the greatest common factor of 243 and 2592.
81
Calculate the highest common divisor of 19 and 57.
19
What is the greatest common factor of 1900 and 20?
20
Calculate the greatest common factor of 86 and 26.
2
Calculate the highest common factor of 344 and 129.
43
Calculate the greatest common factor of 6 and 834.
6
Calculate the greatest common factor of 60 and 108.
12
Calculate the greatest common divisor of 13237 and 1708.
427
What is the greatest common divisor of 31 and 2015?
31
Calculate the greatest common factor of 256 and 3200.
128
Calculate the highest common divisor of 20 and 7870.
10
Calculate the highest common factor of 4107 and 444.
111
Calculate the greatest common factor of 63 and 81.
9
What is the highest common factor of 220 and 580?
20
Calculate the highest common divisor of 63 and 387.
9
Calculate the highest common divisor of 703 and 38.
19
What is the greatest common factor of 75 and 15?
15
What is the highest common divisor of 10482 and 42?
6
What is the greatest common divisor of 20 and 4?
4
Calculate the greatest common factor of 99 and 144.
9
Calculate the highest common divisor of 174 and 30102.
174
What is the highest common divisor of 30 and 735?
15
Calculate the highest common factor of 15 and 55.
5
Calculate the greatest common factor of 413 and 1298.
59
What is the highest common divisor of 150 and 210?
30
What is the highest common factor of 84 and 168?
84
What is the highest common factor of 1649 and 17?
17
What is the greatest common factor of 3058 and 88?
22
What is the greatest common factor of 2595 and 10?
5
What is the greatest common factor of 2150 and 129?
43
Calculate the highest common factor of 20 and 72.
4
What is the greatest common divisor of 14 and 35?
7
Calculate the greatest common factor of 27 and 13581.
27
Calculate the greatest common divisor of 5080 and 40.
40
What is the highest common divisor of 230 and 130?
10
What is the highest common factor of 135 and 81?
27
What is the highest common factor of 2075 and 425?
25
What is the highest common factor of 300 and 3700?
100
Calculate the greatest common divisor of 96 and 920.
8
What is the greatest common divisor of 1216 and 646?
38
What is the greatest common factor of 2 and 54?
2
What is the greatest common factor of 7184 and 32?
16
What is the highest common factor of 62717 and 59?
59
What is the greatest common factor of 192 and 1548?
12
What is the highest common factor of 2385 and 212?
53
What is the greatest common factor of 1834 and 70?
14
What is the greatest common factor of 21 and 651?
21
What is the greatest common factor of 39 and 533?
13
Calculate the highest common divisor of 36 and 240.
12
What is the highest common divisor of 60 and 1125?
15
What is the highest common factor of 12 and 2292?
12
What is the greatest common factor of 488 and 3538?
122
What is the greatest common factor of 48 and 15024?
48
Calculate the highest common divisor of 657 and 9.
9
Calculate the greatest common divisor of 60 and 285.
15
Calculate the greatest common divisor of 58 and 406.
58
What is the greatest common factor of 18 and 22122?
18
What is the greatest common factor of 16 and 6220?
4
What is the highest common factor of 14 and 133?
7
Calculate the greatest common factor of 48 and 6.
6
Calculate the greatest common factor of 34 and 8330.
34
What is the highest common factor of 64 and 17808?
16
Calculate the highest common factor of 2240 and 35.
35
What is the highest common divisor of 22 and 1782?
22
Calculate the greatest common factor of 468 and 324.
36
Calculate the highest common divisor of 3 and 65.
1
Calculate the greatest common divisor of 572 and 4316.
52
What is the greatest common divisor of 35 and 1625?
5
Calculate the greatest common divisor of 8525 and 31.
31
Calculate the highest common factor of 46 and 299.
23
What is the greatest common divisor of 6 and 74?
2
Calculate the highest common divisor of 23 and 1863.
23
Calculate the greatest common divisor of 10549 and 77.
77
What is the greatest common divisor of 6475 and 175?
175
What is the highest common factor of 8190 and 126?
126
What is the greatest common factor of 44069 and 127?
127
Calculate the highest common divisor of 18968 and 8.
8
Calculate the highest common factor of 2 and 1258.
2
What is the greatest common divisor of 2410 and 10?
10
What is the greatest common factor of 1804 and 44?
44
Calculate the highest common factor of 60 and 165.
15
Calculate the greatest common factor of 125 and 325.
25
What is the greatest common factor of 15 and 1200?
15
What is the greatest common divisor of 1413 and 36?
9
Calculate the highest common divisor of 119 and 629.
17
What is the highest common divisor of 4192 and 64?
32
What is the highest common factor of 47 and 41266?
47
Calculate the greatest common factor of 30 and 138.
6
Calculate the highest common factor of 1190 and 850.
170
Calculate the highest common divisor of 294 and 246.
6
What is the highest common factor of 31 and 46159?
31
What is the highest common divisor of 2996 and 4?
4
Calculate the greatest common factor of 3 and 105.
3
What is the greatest common factor of 143 and 2453?
11
Calculate the greatest common divisor of 104 and 416.
104
What is the highest common factor of 952 and 8?
8
What is the greatest common divisor of 1269 and 81?
27
Calculate the highest common divisor of 7184 and 48.
16
What is the greatest common divisor of 21 and 14?
7
What is the highest common factor of 1218 and 1566?
174
Calculate the greatest common divisor of 450 and 6975.
225
Calculate the highest common factor of 1125 and 30.
15
Calculate the highest common divisor of 1026 and 2850.
114
What is the greatest common factor of 33 and 2222?
11
What is the greatest common factor of 81 and 2601?
9
What is the greatest common factor of 15680 and 128?
64
What is the greatest common divisor of 529 and 69?
23
What is the greatest common divisor of 34 and 1972?
34
What is the greatest common divisor of 486 and 3006?
18
Calculate the greatest common divisor of 342 and 76.
38
What is the highest common divisor of 1474 and 22?
22
What is the greatest common factor of 11 and 583?
11
Calculate the highest common factor of 9048 and 234.
78
Calculate the greatest common divisor of 112 and 40.
8
What is the highest common factor of 408 and 1272?
24
What is the highest common divisor of 406 and 174?
58
Calculate the highest common factor of 58 and 1624.
58
Calculate the highest common divisor of 78 and 5109.
39
Calculate the greatest common divisor of 194 and 70034.
194
What is the highest common divisor of 689 and 1118?
13
Calculate the greatest common factor of 129 and 6.
3
What is the highest common divisor of 4370 and 76?
38
Calculate the greatest common factor of 777 and 28.
7
What is the greatest common factor of 33 and 330?
33
Calculate the greatest common factor of 1729 and 1463.
133
What is the greatest common divisor of 75 and 165?
15
What is the greatest common factor of 90 and 72?
18
What is the greatest common divisor of 942 and 36?
6
What is the greatest common factor of 25 and 1175?
25
What is the highest common divisor of 1438 and 2?
2
Calculate the greatest common factor of 567 and 7.
7
What is the greatest common factor of 25 and 3125?
25
What is the highest common divisor of 256 and 1152?
128
What is the greatest common divisor of 56 and 480?
8
Calculate the highest common divisor of 9 and 3573.
9
Calculate the greatest common factor of 891 and 33.
33
Calculate the highest common factor of 2628 and 6.
6
Calculate the greatest common divisor of 37068 and 12.
12
What is the highest common factor of 98 and 28?
14
Calculate the greatest common divisor of 903 and 387.
129
Calculate the greatest common divisor of 2030 and 28.
14
What is the greatest common divisor of 5 and 430?
5
Calculate the highest common 